 r(129).
446
Let t(q) = -57*q**2 - 18998*q + 90578. What is t(-338)?
-6
Let j(u) = 5440*u + 86906. Calculate j(-16).
-134
Let x(u) = -4*u**3 - 57*u**2 - 2651*u - 40449. Give x(-15).
-9
Let r(h) = -1278*h - 31709. Determine r(-25).
241
Let m(v) = v**3 + 30*v**2 - 2829*v - 2470. What is m(-70)?
-440
Let p(g) = -g**2 - 1687*g - 203835. Determine p(-131).
1
Let o(l) = -176*l**2 - 515*l + 59. What is o(-3)?
20
Let v(j) = 154*j**2 - 2783*j + 217. Give v(18).
19
Let m(q) = q**3 + 19*q**2 + 1428*q + 25386. Determine m(-18).
6
Let y(s) = 12*s**2 + 286*s + 933. What is y(-20)?
13
Let q(h) = -675180*h - 675167. What is q(-1)?
13
Let n(t) = -4*t**2 - 176*t + 602. Calculate n(-47).
38
Let i(t) = -276*t - 15884. Determine i(-58).
124
Let j(q) = 7*q**3 + 143*q**2 - 74*q - 1736. Calculate j(-19).
3280
Let o(b) = 15324*b + 6589314. Give o(-430).
-6
Let k(j) = -15*j**2 - 176*j - 214. Calculate k(-13).
-461
Let g(v) = v**2 + 60*v - 9914. Calculate g(74).
2
Let j(d) = -13398*d + 147296. Give j(11).
-82
Let s(y) = 236*y**2 - 3885*y - 2171. Determine s(17).
-12
Let i(y) = 105634*y + 317020. Give i(-3).
118
Let q(b) = 44*b**2 + 502*b - 383. Determine q(-12).
-71
Let u(a) = -4*a - 98. Give u(232).
-1026
Let v(j) = -18234*j - 290378. Give v(-16).
1366
Let l(w) = -3032*w + 5962. Give l(2).
-102
Let t(o) = -o**3 + 4*o**2 + 51*o - 202. What is t(7)?
8
Let j(c) = c**3 + 103*c**2 + 45*c - 5673. Calculate j(-102).
141
Let r(q) = -q**2 - 56357*q - 450947. Determine r(-8).
-155
Let g(i) = -i**2 + 316412*i + 5379259. Calculate g(-17).
-34
Let g(p) = -78*p**3 + 6*p**2 + 59*p - 264. Give g(4).
-4924
Let u(r) = 70728*r - 495101. Give u(7).
-5
Let o(d) = d**2 - 4152*d + 82645. What is o(20)?
5
Let a(p) = -p**3 - 49*p**2 - 226*p - 258. Calculate a(-44).
6
Let i(t) = 81017*t - 2835613. Give i(35).
-18
Let b(z) = 5021*z + 2791672. Calculate b(-556).
-4
Let r(q) = -11*q**3 + 922*q**2 + 1099*q + 498. What is r(85)?
-12
Let z(o) = 4*o - 1992. Calculate z(-114).
-2448
Let n(w) = -2591*w + 57034. Determine n(22).
32
Let t(b) = -9*b**3 + 58*b**2 - 201*b + 76. What is t(3)?
-248
Let m(g) = -1677*g + 92143. Calculate m(55).
-92
Let x(y) = -2*y**3 + y**2 + 24*y - 198. Determine x(4).
-214
Let n(a) = -11*a**2 + 1891*a + 5955. Determine n(175).
5
Let k(g) = -6*g**2 + 410*g + 714. Give k(70).
14
Let t(r) = -12*r**3 - 56*r**2 - 24*r - 48. Give t(-5).
172
Let o(f) = -5*f**3 + 477*f**2 + 590*f + 18044. Determine o(97).
2
Let a(n) = 179*n - 5035. Determine a(41).
2304
Let j(h) = -h**3 + 65*h**2 + 13*h + 12999. Give j(68).
11
Let v(i) = -52*i**3 + 4*i**2 - 94*i - 195. Determine v(-2).
425
Let i(l) = 63241*l + 316160. Give i(-5).
-45
Let s(z) = 142*z**3 + 2*z**2 - 1488*z - 1488. Calculate s(-1).
-140
Let f(q) = -q**3 + 102*q**2 - 1056*q + 96439. Give f(101).
-16
Let m(g) = 2950*g - 170611. Determine m(58).
489
Let r(z) = 24*z**2 - 42*z - 216. Give r(6).
396
Let b(s) = -70*s - 1220. Give b(57).
-5210
Let m(f) = -13*f**3 + 543*f**2 + 134*f - 432. Determine m(42).
-96
Let i(r) = -r**2 + 2935*r - 820687. Calculate i(313).
-1
Let b(i) = -i**2 + 102*i - 744. Determine b(105).
-1059
Let v(z) = z**3 - 16*z**2 + 22246*z - 177451. Calculate v(8).
5
Let k(x) = -36*x**2 + 1206*x + 15604. What is k(-10)?
-56
Let t(a) = -4319*a + 17006. What is t(4)?
-270
Let y(m) = -7143*m + 1049825. What is y(147)?
-196
Let u(d) = d**3 - 4*d**2 - 196*d - 493. Give u(-10).
67
Let j(l) = 97*l**2 - 328*l - 1691. Give j(-5).
2374
Let y(v) = v**3 - 2*v**2 - 137*v + 824. Give y(7).
110
Let k(o) = 194428*o + 4471863. Determine k(-23).
19
Let b(s) = -272*s**2 - 180*s + 43. Determine b(-1).
-49
Let i(x) = 2*x**2 + 365*x - 42334. Determine i(-263).
9
Let h(n) = -n**3 - 95*n**2 - 1931*n + 33. What is h(-24)?
5481
Let t(k) = -3*k**2 - 176*k + 1147. Determine t(-63).
328
Let o(y) = y**2 + 99*y - 1091. What is o(-108)?
-119
Let j(f) = 4*f**2 - 1345*f + 107003. Determine j(207).
-16
Let n(v) = 1847*v**2 + 35074*v - 372. What is n(-19)?
-11
Let i(u) = -931*u + 43765. Determine i(47).
8
Let a(t) = -2*t**2 + 44*t + 196. Determine a(31).
-362
Let y(s) = 29498*s - 88971. Calculate y(3).
-477
Let g(i) = 27*i**3 - 4616*i**2 - 522*i + 59973. Calculate g(171).
-48
Let c(s) = 3*s**2 + 483*s + 18747. Determine c(-92).
-297
Let v(z) = 199*z - 184. Calculate v(6).
1010
Let f(z) = 7*z**2 + 1315*z - 5285. Calculate f(4).
87
Let d(a) = -447*a - 1607. What is d(-5)?
628
Let d(o) = -4*o**2 - 233*o + 7. Determine d(-60).
-413
Let y(s) = -11095*s + 67754. Calculate y(6).
1184
Let j(d) = 6532*d + 215638. What is j(-33)?
82
Let i(v) = -v**2 - 794*v - 16983. What is i(-22)?
1
Let p(z) = -2*z**3 + 446*z**2 - 900*z + 129. Determine p(221).
-3407
Let i(r) = r**3 + 2177*r**2 + 19518*r + 25. Give i(-9).
-29
Let p(l) = -15774*l - 709967. Calculate p(-45).
-137
Let l(m) = -4*m**3 - 3*m**2 + 47*m - 2. What is l(5)?
-342
Let i(l) = -l**3 - 232*l**2 - 3743*l - 14432. What is i(-11)?
0
Let m(s) = -445*s**2 - 102742*s + 12239. What is m(-231)?
-4
Let o(i) = -5*i**2 + 145*i + 333. Give o(35).
-717
Let k(g) = -g**2 - 215*g + 10806. Give k(42).
12
Let d(b) = -34671*b - 277374. Determine d(-8).
-6
Let o(k) = k**2 + 840*k + 92297. Calculate o(-130).
-3
Let b(v) = -194*v**2 - 729*v + 80. What is b(-4)?
-108
Let s(w) = -w**3 - 66*w**2 + 1012*w + 75670. Determine s(-63).
7
Let h(s) = s**3 - 642*s**2 + 2537*s + 9428. Calculate h(638).
-142
Let r(f) = -1982*f + 3950. What is r(4)?
-3978
Let v(c) = 171799*c - 1030816. Determine v(6).
-22
Let y(z) = -z**2 - 18087*z + 235284. Determine y(13).
-16
Let d(j) = j**3 - 75*j**2 - 2024*j + 1125. Give d(96).
357
Let j(o) = 1455*o - 225580. Determine j(155).
-55
Let x(f) = -1493*f - 636006. Determine x(-426).
12
Let w(q) = 1704*q + 45990. What is w(-27)?
-18
Let s(o) = -56803*o + 284017. Calculate s(5).
2
Let g(f) = -3*f**3 - 70*f**2 + 34*f - 270. Calculate g(-24).
66
Let w(u) = 28760*u - 4026392. Give w(140).
8
Let p(w) = -2980*w + 2967. Calculate p(1).
-13
Let z(c) = -34879*c**2 + 104582*c - 22. Calculate z(3).
-187
Let o(c) = -407*c**2 - 3387*c + 2508. Calculate o(-9).
24
Let v(m) = m**2 - 243*m - 127772. Calculate v(-256).
-28
Let w(d) = -d**3 + 61*d**2 + 4254*d - 259980. Calculate w(64).
-12
Let i(b) = -935*b - 6681. Determine i(-7).
-136
Let r(v) = 624*v - 12854. What is r(22)?
874
Let g(i) = -2*i**3 + 276*i**2 + 556*i + 553. What is g(140)?
-7
Let o(b) = b**3 - 14*b**2 + 55*b + 25. What is o(13)?
571
Let c(g) = -3729*g**3 - 3*g + 7. What is c(1)?
-3725
Let j(i) = -i**3 + 3*i**2 - 22*i + 278. What is j(7)?
-72
Let z(k) = -2*k**3 + 37*k**2 - 1160*k + 22394. Determine z(19).
-7
Let i(l) = l**2 - 229*l - 913. Give i(-4).
19
Let h(d) = d**3 - 8*d**2 - 18*d + 3. What is h(8)?
-141
Let v(z) = -z**3 - 365*z**2 + 56*z + 20552. Determine v(-365).
112
Let q(b) = 325*b + 38014. Calculate q(-117).
-11
Let q(b) = 114*b**2 + 28276*b + 986. Give q(-248).
-6
Let h(n) = -815*n + 32782. Determine h(49).
-7153
Let m(y) = y**3 + 128*y**2 - 2469*y - 636. What is m(-145)?
-56
Let t(m) = -4*m**3 + 117*m**2 + 97*m + 158. Calculate t(30).
368
Let n(d) = -d**3 + 139*d**2 - 791*d - 26. Determine n(6).
16
Let f(t) = -8*t**2 + 36204*t - 36205. Give f(1).
-9
Let g(b) = -15*b**3 - 1921*b**2 - 129*b - 105. Determine g(-128).
23
Let f(h) = 7187*h - 64646. Give f(9).
37
Let n(f) = -f**3 + 47*f**2 - 118*f + 555. Give n(45).
-705
Let o(n) = -537*n - 89086. What is o(-166)?
56
Let k(c) = -4*c**3 - 5*c**2 + 27*c + 43. Determine k(-9).
2311
Let h(o) = o**2 + 3357*o + 73355. Give h(-22).
-15
Let b(t) = 101*t + 10499. Calculate b(-103).
96
Let k(r) = 2440*r + 1051107. What is k(-431)?
-533
Let m(q) = -2*q**2 - 2087*q + 60009. Give m(28).
5
Let p(o) = -317*o + 45823. Determine p(144).
175
Let i(t) = 4*t**3 - 2841*t**2 + 3129*t + 294950. Determine i(709).
6
Let b(h) = -3*h**2 - 2062*h - 22585. Give b(-11).
-266
Let x(g) = -g**2 - 36*g + 2174. Give x(-70).
-206
Let j(o) = 67863*o + 1289406. Determine j(-19).
9
Let k(j) = 126*j + 2539. What is k(-19)?
145
Let p(b) = -23298*b + 2842397. What is p(122)?
41
Let m(h) = 6*h**2 - 6*h + 153. Give m(9).
585
Let r(h) = -4473*h + 899068. Determine r(201).
-5
Let k(i) = i**3 - 79*i**2 + 1757*i - 9511. Determine k(8).
1
Let z(a) = -a**3 + a**2 - 14*a + 1243. Determine z(0).
1243
Let o(j) = -j**2 - 19392*j - 909220. Calculate o(-47).
-5
Let p(w) 